{"id":2379,"date":"2023-09-01T02:29:53","date_gmt":"2023-09-01T02:29:53","guid":{"rendered":"https:\/\/vsgrossenzersdorf.ac.at\/?page_id=2379"},"modified":"2023-11-05T21:34:38","modified_gmt":"2023-11-05T21:34:38","slug":"schul-abc","status":"publish","type":"page","link":"https:\/\/vsgrossenzersdorf.ac.at\/?page_id=2379","title":{"rendered":"Schul-ABC"},"content":{"rendered":"<table style=\"height: 1147px; width: 492px;\" width=\"501\">\n<tbody>\n<tr style=\"height: 90px;\">\n<td style=\"width: 484.182px; height: 90px;\"><span style=\"font-size: 18pt;\">A wie Anfang<\/span><\/td>\n<\/tr>\n<tr style=\"height: 48px;\">\n<td style=\"width: 484.182px; height: 48px;\"><span style=\"font-family: 'trebuchet ms', geneva, sans-serif; font-size: 12pt;\">Der Unterricht beginntum 08:10 Uhr. Um 7:55 Uhr ist Einlass in das Schulgeb\u00e4ude.<\/span><\/td>\n<\/tr>\n<tr style=\"height: 90px;\">\n<td style=\"width: 484.182px; height: 90px;\"><span style=\"font-size: 18pt;\">A wie Adventzeit<\/span><\/td>\n<\/tr>\n<tr style=\"height: 24px;\">\n<td style=\"width: 484.182px; height: 24px;\"><span style=\"font-family: 'trebuchet ms', geneva, sans-serif; font-size: 12pt;\">Die Adventzeit ist f\u00fcr unsere Sch\u00fclerInnen immer eine ganz besondere Zeit. Adventkranzsegnung, Adventfeier des Elternvereins im Schulhof, Adventgeschichten, Adventkalender, Klassenweihnachtsfeiern, Kekse backen und Besuche am Eislaufplatz in Matzen sind bei uns feste Bestandteile der Adventzeit.<\/span><\/td>\n<\/tr>\n<tr style=\"height: 36px;\">\n<td style=\"width: 484.182px; height: 36px;\"><span style=\"font-size: 18pt;\">A wie Apollonia<\/span><\/td>\n<\/tr>\n<tr>\n<td style=\"width: 484.182px;\"><span style=\"font-size: 18pt;\">A wie Ausfl\u00fcge<\/span><\/td>\n<\/tr>\n<tr style=\"height: 24px;\">\n<td style=\"width: 484.182px; height: 24px;\"><span style=\"font-size: 18pt;\">B wie Bee Bots<\/span><\/td>\n<\/tr>\n<tr style=\"height: 24px;\">\n<td style=\"width: 484.182px; height: 24px;\"><span style=\"font-size: 18pt;\">B wie Begabtenf\u00f6rderung<\/span><\/td>\n<\/tr>\n<tr style=\"height: 24px;\">\n<td style=\"width: 484.182px; height: 24px;\"><span style=\"font-size: 18pt;\">B wie B\u00fccherei<\/span><\/td>\n<\/tr>\n<tr style=\"height: 24px;\">\n<td style=\"width: 484.182px; height: 24px;\"><span style=\"font-size: 18pt;\">C wie Chor<\/span><\/td>\n<\/tr>\n<tr style=\"height: 36px;\">\n<td style=\"width: 484.182px; height: 36px;\"><span style=\"font-size: 18pt;\">D wie Digitalisierung im Unterricht<\/span><\/td>\n<\/tr>\n<tr style=\"height: 24px;\">\n<td style=\"width: 484.182px; height: 19px;\"><span style=\"font-size: 18pt;\">E wie Englischunterricht<\/span><\/td>\n<\/tr>\n<tr style=\"height: 36px;\">\n<td style=\"width: 484.182px; height: 36px;\"><span style=\"font-size: 18pt;\">E wie Elternverein<\/span><\/td>\n<\/tr>\n<tr style=\"height: 24px;\">\n<td style=\"width: 484.182px; height: 24px;\"><span style=\"font-size: 18pt;\">F wie Fahrradf\u00fchrerschein<\/span><\/td>\n<\/tr>\n<tr style=\"height: 36px;\">\n<td style=\"width: 484.182px; height: 36px;\"><span style=\"font-size: 18pt;\">F wie Fu\u00dfball<\/span><\/td>\n<\/tr>\n<tr style=\"height: 36px;\">\n<td style=\"width: 484.182px; height: 36px;\"><span style=\"font-size: 18pt;\">G wie Gesunde Ern\u00e4hrung<\/span><\/td>\n<\/tr>\n<tr style=\"height: 36px;\">\n<td style=\"width: 484.182px; height: 36px;\"><span style=\"font-size: 18pt;\">G wie Gartenpause<\/span><\/td>\n<\/tr>\n<tr style=\"height: 36px;\">\n<td style=\"width: 484.182px; height: 36px;\"><span style=\"font-size: 18pt;\">H wie Hausordnung<\/span><\/td>\n<\/tr>\n<tr style=\"height: 36px;\">\n<td style=\"width: 484.182px; height: 36px;\"><span style=\"font-size: 18pt;\">I wie Interessensf\u00f6rderung<\/span><\/td>\n<\/tr>\n<tr style=\"height: 36px;\">\n<td style=\"width: 484.182px; height: 36px;\"><span style=\"font-size: 18pt;\">K wie Kreativwerkstatt<\/span><\/td>\n<\/tr>\n<tr style=\"height: 36px;\">\n<td style=\"width: 484.182px; height: 36px;\"><span style=\"font-size: 18pt;\">L wie Lobau<\/span><\/td>\n<\/tr>\n<tr style=\"height: 36px;\">\n<td style=\"width: 484.182px; height: 36px;\"><span style=\"font-size: 18pt;\">L wie Leitbild<\/span><\/td>\n<\/tr>\n<tr style=\"height: 36px;\">\n<td style=\"width: 484.182px; height: 36px;\"><span style=\"font-size: 18pt;\">L wie Lesen<\/span><\/td>\n<\/tr>\n<tr style=\"height: 36px;\">\n<td style=\"width: 484.182px; height: 36px;\"><span style=\"font-size: 18pt;\">M wie Morgenritual<\/span><\/td>\n<\/tr>\n<tr style=\"height: 36px;\">\n<td style=\"width: 484.182px; height: 36px;\"><span style=\"font-size: 18pt;\">N wie Nachmittagsbetreuung<\/span><\/td>\n<\/tr>\n<tr style=\"height: 36px;\">\n<td style=\"width: 484.182px; height: 36px;\"><span style=\"font-size: 18pt;\">O wie offenes Lernen<\/span><\/td>\n<\/tr>\n<tr style=\"height: 36px;\">\n<td style=\"width: 484.182px; height: 36px;\"><span style=\"font-size: 18pt;\">P wie Projekte\u00a0<\/span><\/td>\n<\/tr>\n<tr style=\"height: 36px;\">\n<td style=\"width: 484.182px; height: 36px;\"><span style=\"font-size: 18pt;\">P wie Projektwochen<\/span><\/td>\n<\/tr>\n<tr style=\"height: 36px;\">\n<td style=\"width: 484.182px; height: 36px;\"><span style=\"font-size: 18pt;\">R wie Raika Malwettbewerb<\/span><\/td>\n<\/tr>\n<tr style=\"height: 36px;\">\n<td style=\"width: 484.182px; height: 36px;\"><span style=\"font-size: 18pt;\">S wie Schulautonome Tage<\/span><\/td>\n<\/tr>\n<tr style=\"height: 36px;\">\n<td style=\"width: 484.182px; height: 36px;\"><span style=\"font-size: 18pt;\">S wie Sommerfest<\/span><\/td>\n<\/tr>\n<tr>\n<td style=\"width: 484.182px;\"><span style=\"font-size: 18pt;\">S wie Soziales Lernen<\/span><\/td>\n<\/tr>\n<tr>\n<td style=\"width: 484.182px;\"><span style=\"font-size: 18pt;\">S wie SchoolFox<\/span><\/td>\n<\/tr>\n<tr>\n<td style=\"width: 484.182px;\"><span style=\"font-size: 18pt;\">T wie Tanzwerkstatt<\/span><\/td>\n<\/tr>\n<tr>\n<td style=\"width: 484.182px;\"><span style=\"font-size: 18pt;\">T wie Theater der Jugend<\/span><\/td>\n<\/tr>\n<tr>\n<td style=\"width: 484.182px;\"><span style=\"font-size: 18pt;\">T wie Theaterspielen in der Volksschule<\/span><\/td>\n<\/tr>\n<tr>\n<td style=\"width: 484.182px;\"><span style=\"font-size: 18pt;\">U wie Unverbindliche \u00dcbungen<\/span><\/td>\n<\/tr>\n<tr>\n<td style=\"width: 484.182px;\"><span style=\"font-size: 18pt;\">V wie Verkehrserziehung<\/span><\/td>\n<\/tr>\n<tr>\n<td style=\"width: 484.182px;\"><span style=\"font-size: 18pt;\">W wie Wasser<\/span><\/td>\n<\/tr>\n<tr>\n<td style=\"width: 484.182px;\"><span style=\"font-size: 18pt;\">Z wie Zusammenarbeit<\/span><\/td>\n<\/tr>\n<\/tbody>\n<\/table>\n","protected":false},"excerpt":{"rendered":"<p>A wie Anfang Der Unterricht beginntum 08:10 Uhr. Um 7:55 Uhr ist Einlass in das Schulgeb\u00e4ude. A wie Adventzeit Die Adventzeit ist f\u00fcr unsere Sch\u00fclerInnen &hellip; <\/p>\n","protected":false},"author":2,"featured_media":0,"parent":0,"menu_order":0,"comment_status":"closed","ping_status":"closed","template":"","meta":{"footnotes":""},"class_list":["post-2379","page","type-page","status-publish","hentry"],"_links":{"self":[{"href":"https:\/\/vsgrossenzersdorf.ac.at\/index.php?rest_route=\/wp\/v2\/pages\/2379","targetHints":{"allow":["GET"]}}],"collection":[{"href":"https:\/\/vsgrossenzersdorf.ac.at\/index.php?rest_route=\/wp\/v2\/pages"}],"about":[{"href":"https:\/\/vsgrossenzersdorf.ac.at\/index.php?rest_route=\/wp\/v2\/types\/page"}],"author":[{"embeddable":true,"href":"https:\/\/vsgrossenzersdorf.ac.at\/index.php?rest_route=\/wp\/v2\/users\/2"}],"replies":[{"embeddable":true,"href":"https:\/\/vsgrossenzersdorf.ac.at\/index.php?rest_route=%2Fwp%2Fv2%2Fcomments&post=2379"}],"version-history":[{"count":8,"href":"https:\/\/vsgrossenzersdorf.ac.at\/index.php?rest_route=\/wp\/v2\/pages\/2379\/revisions"}],"predecessor-version":[{"id":2598,"href":"https:\/\/vsgrossenzersdorf.ac.at\/index.php?rest_route=\/wp\/v2\/pages\/2379\/revisions\/2598"}],"wp:attachment":[{"href":"https:\/\/vsgrossenzersdorf.ac.at\/index.php?rest_route=%2Fwp%2Fv2%2Fmedia&parent=2379"}],"curies":[{"name":"wp","href":"https:\/\/api.w.org\/{rel}","templated":true}]}}