{"id":2748,"date":"2024-11-25T11:51:21","date_gmt":"2024-11-25T11:51:21","guid":{"rendered":"https:\/\/vsgrossenzersdorf.ac.at\/?page_id=2748"},"modified":"2024-11-25T12:25:33","modified_gmt":"2024-11-25T12:25:33","slug":"schulsozialarbeit","status":"publish","type":"page","link":"https:\/\/vsgrossenzersdorf.ac.at\/?page_id=2748","title":{"rendered":"Schulsozialarbeit"},"content":{"rendered":"<p><a href=\"https:\/\/vsgrossenzersdorf.ac.at\/wp-content\/uploads\/2024\/11\/5.webp\"><img loading=\"lazy\" decoding=\"async\" class=\"aligncenter wp-image-2754 size-large\" src=\"https:\/\/vsgrossenzersdorf.ac.at\/wp-content\/uploads\/2024\/11\/5-1024x455.webp\" alt=\"\" width=\"840\" height=\"373\" srcset=\"https:\/\/vsgrossenzersdorf.ac.at\/wp-content\/uploads\/2024\/11\/5-1024x455.webp 1024w, https:\/\/vsgrossenzersdorf.ac.at\/wp-content\/uploads\/2024\/11\/5-300x133.webp 300w, https:\/\/vsgrossenzersdorf.ac.at\/wp-content\/uploads\/2024\/11\/5-768x341.webp 768w, https:\/\/vsgrossenzersdorf.ac.at\/wp-content\/uploads\/2024\/11\/5-135x60.webp 135w, https:\/\/vsgrossenzersdorf.ac.at\/wp-content\/uploads\/2024\/11\/5.webp 1280w\" sizes=\"auto, (max-width: 840px) 100vw, 840px\" \/><\/a><\/p>\n<p>&nbsp;<\/p>\n<p><span style=\"font-family: 'trebuchet ms', geneva, sans-serif;\">Mit dem Sommersemester 2024 startete an unserer Schule als zus\u00e4tzliches Unterst\u00fctzungsangebot f\u00fcr die Sch\u00fclerInnen Schulsozialarbeit.<\/span><\/p>\n<h3><span style=\"font-family: 'trebuchet ms', geneva, sans-serif;\">Warum Schulsozialarbeit?<\/span><\/h3>\n<p><span style=\"font-family: 'trebuchet ms', geneva, sans-serif;\">Schule ist heuet mehr denn je ein wichtiger Lebensbereich f\u00fcr Kinder und Jugendliche und geht weit \u00fcber den reinen Erwerb von Wissen hinaus. Unsere Schulsozialarbeiterin Mag. Yana Bubekova ist mit dem Ziel t\u00e4tig, diverse soziale Problemlagen fr\u00fchzeitig zu erkennen und gemeinsam mit den Sch\u00fclerInnen L\u00f6sungsans\u00e4tze zu erarbeiten. Durch die die Erreichbarkeit in der Schule kann bei auftauchenden Krisen rasch interveniert werden. Schulsozialarbeit koordiniert, unterst\u00fctzt, vermittelt und entlastet.<\/span><\/p>\n<p><span style=\"font-family: 'trebuchet ms', geneva, sans-serif;\">Schulsozialarbeit ist eine Leistung, die durch den Tender &#8222;Verein f\u00fcr Jugendarbeit&#8220; im Auftrag der Gemeinde Gro\u00df-Enzersdorf, sowie der Bildungsdirektion N\u00d6 direkt an der Schule angebiten wird.<\/span><\/p>\n<p><img loading=\"lazy\" decoding=\"async\" class=\"aligncenter wp-image-2753 size-large\" src=\"https:\/\/vsgrossenzersdorf.ac.at\/wp-content\/uploads\/2024\/11\/Foto-Yana-683x1024.jpg\" alt=\"\" width=\"683\" height=\"1024\" srcset=\"https:\/\/vsgrossenzersdorf.ac.at\/wp-content\/uploads\/2024\/11\/Foto-Yana-683x1024.jpg 683w, https:\/\/vsgrossenzersdorf.ac.at\/wp-content\/uploads\/2024\/11\/Foto-Yana-200x300.jpg 200w, https:\/\/vsgrossenzersdorf.ac.at\/wp-content\/uploads\/2024\/11\/Foto-Yana-768x1152.jpg 768w, https:\/\/vsgrossenzersdorf.ac.at\/wp-content\/uploads\/2024\/11\/Foto-Yana-1024x1536.jpg 1024w, https:\/\/vsgrossenzersdorf.ac.at\/wp-content\/uploads\/2024\/11\/Foto-Yana-1365x2048.jpg 1365w, https:\/\/vsgrossenzersdorf.ac.at\/wp-content\/uploads\/2024\/11\/Foto-Yana-40x60.jpg 40w, https:\/\/vsgrossenzersdorf.ac.at\/wp-content\/uploads\/2024\/11\/Foto-Yana-scaled.jpg 1707w\" sizes=\"auto, (max-width: 683px) 100vw, 683px\" \/><\/p>\n","protected":false},"excerpt":{"rendered":"<p>&nbsp; Mit dem Sommersemester 2024 startete an unserer Schule als zus\u00e4tzliches Unterst\u00fctzungsangebot f\u00fcr die Sch\u00fclerInnen Schulsozialarbeit. Warum Schulsozialarbeit? Schule ist heuet mehr denn je ein &hellip; <\/p>\n","protected":false},"author":2,"featured_media":0,"parent":0,"menu_order":0,"comment_status":"closed","ping_status":"closed","template":"","meta":{"footnotes":""},"class_list":["post-2748","page","type-page","status-publish","hentry"],"_links":{"self":[{"href":"https:\/\/vsgrossenzersdorf.ac.at\/index.php?rest_route=\/wp\/v2\/pages\/2748","targetHints":{"allow":["GET"]}}],"collection":[{"href":"https:\/\/vsgrossenzersdorf.ac.at\/index.php?rest_route=\/wp\/v2\/pages"}],"about":[{"href":"https:\/\/vsgrossenzersdorf.ac.at\/index.php?rest_route=\/wp\/v2\/types\/page"}],"author":[{"embeddable":true,"href":"https:\/\/vsgrossenzersdorf.ac.at\/index.php?rest_route=\/wp\/v2\/users\/2"}],"replies":[{"embeddable":true,"href":"https:\/\/vsgrossenzersdorf.ac.at\/index.php?rest_route=%2Fwp%2Fv2%2Fcomments&post=2748"}],"version-history":[{"count":3,"href":"https:\/\/vsgrossenzersdorf.ac.at\/index.php?rest_route=\/wp\/v2\/pages\/2748\/revisions"}],"predecessor-version":[{"id":2755,"href":"https:\/\/vsgrossenzersdorf.ac.at\/index.php?rest_route=\/wp\/v2\/pages\/2748\/revisions\/2755"}],"wp:attachment":[{"href":"https:\/\/vsgrossenzersdorf.ac.at\/index.php?rest_route=%2Fwp%2Fv2%2Fmedia&parent=2748"}],"curies":[{"name":"wp","href":"https:\/\/api.w.org\/{rel}","templated":true}]}}

<p><a href="https://vsgrossenzersdorf.ac.at/wp-content/uploads/2024/11/5.webp"><img loading="lazy" decoding="async" class="aligncenter wp-image-2754 size-large" src="https://vsgrossenzersdorf.ac.at/wp-content/uploads/2024/11/5-1024x455.webp" alt="" width="840" height="373" srcset="https://vsgrossenzersdorf.ac.at/wp-content/uploads/2024/11/5-1024x455.webp 1024w, https://vsgrossenzersdorf.ac.at/wp-content/uploads/2024/11/5-300x133.webp 300w, https://vsgrossenzersdorf.ac.at/wp-content/uploads/2024/11/5-768x341.webp 768w, https://vsgrossenzersdorf.ac.at/wp-content/uploads/2024/11/5-135x60.webp 135w, https://vsgrossenzersdorf.ac.at/wp-content/uploads/2024/11/5.webp 1280w" sizes="auto, (max-width: 840px) 100vw, 840px" /></a></p>
<p>&nbsp;</p>
<p><span style="font-family: 'trebuchet ms', geneva, sans-serif;">Mit dem Sommersemester 2024 startete an unserer Schule als zusätzliches Unterstützungsangebot für die SchülerInnen Schulsozialarbeit.</span></p>
<h3><span style="font-family: 'trebuchet ms', geneva, sans-serif;">Warum Schulsozialarbeit?</span></h3>
<p><span style="font-family: 'trebuchet ms', geneva, sans-serif;">Schule ist heuet mehr denn je ein wichtiger Lebensbereich für Kinder und Jugendliche und geht weit über den reinen Erwerb von Wissen hinaus. Unsere Schulsozialarbeiterin Mag. Yana Bubekova ist mit dem Ziel tätig, diverse soziale Problemlagen frühzeitig zu erkennen und gemeinsam mit den SchülerInnen Lösungsansätze zu erarbeiten. Durch die die Erreichbarkeit in der Schule kann bei auftauchenden Krisen rasch interveniert werden. Schulsozialarbeit koordiniert, unterstützt, vermittelt und entlastet.</span></p>
<p><span style="font-family: 'trebuchet ms', geneva, sans-serif;">Schulsozialarbeit ist eine Leistung, die durch den Tender &#8222;Verein für Jugendarbeit&#8220; im Auftrag der Gemeinde Groß-Enzersdorf, sowie der Bildungsdirektion NÖ direkt an der Schule angebiten wird.</span></p>
<p><img loading="lazy" decoding="async" class="aligncenter wp-image-2753 size-large" src="https://vsgrossenzersdorf.ac.at/wp-content/uploads/2024/11/Foto-Yana-683x1024.jpg" alt="" width="683" height="1024" srcset="https://vsgrossenzersdorf.ac.at/wp-content/uploads/2024/11/Foto-Yana-683x1024.jpg 683w, https://vsgrossenzersdorf.ac.at/wp-content/uploads/2024/11/Foto-Yana-200x300.jpg 200w, https://vsgrossenzersdorf.ac.at/wp-content/uploads/2024/11/Foto-Yana-768x1152.jpg 768w, https://vsgrossenzersdorf.ac.at/wp-content/uploads/2024/11/Foto-Yana-1024x1536.jpg 1024w, https://vsgrossenzersdorf.ac.at/wp-content/uploads/2024/11/Foto-Yana-1365x2048.jpg 1365w, https://vsgrossenzersdorf.ac.at/wp-content/uploads/2024/11/Foto-Yana-40x60.jpg 40w, https://vsgrossenzersdorf.ac.at/wp-content/uploads/2024/11/Foto-Yana-scaled.jpg 1707w" sizes="auto, (max-width: 683px) 100vw, 683px" /></p>

<p>&nbsp; Mit dem Sommersemester 2024 startete an unserer Schule als zusätzliches Unterstützungsangebot für die SchülerInnen Schulsozialarbeit. Warum Schulsozialarbeit? Schule ist heuet mehr denn je ein &hellip; </p>
