{"id":747,"date":"2019-01-14T17:00:48","date_gmt":"2019-01-14T17:00:48","guid":{"rendered":"https:\/\/vsgrossenzersdorf.ac.at\/?page_id=747"},"modified":"2021-12-14T20:58:22","modified_gmt":"2021-12-14T20:58:22","slug":"impressum","status":"publish","type":"page","link":"https:\/\/vsgrossenzersdorf.ac.at\/?page_id=747","title":{"rendered":"Impressum"},"content":{"rendered":"<p><span style=\"font-size: 18pt;\"><strong>Medieninhaber, Herausgeber und Eigent\u00fcmer:<\/strong><\/span><\/p>\n<p><span style=\"font-size: 12pt; font-family: 'trebuchet ms', geneva, sans-serif;\">Stadtgemeinde\u00a0<\/span><br \/>\n<span style=\"font-size: 12pt; font-family: 'trebuchet ms', geneva, sans-serif;\">Gro\u00df-Enzersdorf\u00a0<\/span><br \/>\n<span style=\"font-size: 12pt; font-family: 'trebuchet ms', geneva, sans-serif;\">Rathausstr. 5\u00a0<\/span><br \/>\n<span style=\"font-size: 12pt; font-family: 'trebuchet ms', geneva, sans-serif;\">2301 Gro\u00df-Enzersdorf<\/span><\/p>\n<p><span style=\"font-size: 12pt; font-family: 'trebuchet ms', geneva, sans-serif;\">SKZ: 308101<\/span><\/p>\n<div><span style=\"font-size: 12pt; font-family: 'trebuchet ms', geneva, sans-serif;\"><strong>F\u00fcr den Inhalt verantwortlich:<\/strong><\/span><\/div>\n<div><span style=\"font-size: 12pt; font-family: 'trebuchet ms', geneva, sans-serif;\">VD Petra H.-Hegendorfer<\/span><\/div>\n<div><\/div>\n<div><span style=\"font-family: 'trebuchet ms', geneva, sans-serif; font-size: 12pt;\"><strong>Ansprechpartnerin:\u00a0<\/strong><\/span><\/div>\n<div><span style=\"font-size: 12pt; font-family: 'trebuchet ms', geneva, sans-serif;\">Prof. Isabella Uher, BEd<\/span><\/div>\n<p><span style=\"font-size: 12pt; font-family: 'trebuchet ms', geneva, sans-serif;\"><strong>Unternehmensgegenstand:<\/strong><\/span><br \/>\n<span style=\"font-size: 12pt; font-family: 'trebuchet ms', geneva, sans-serif;\">Informationsplattform der Volksschule Gro\u00df-Enzersdorf<\/span><\/p>\n<p><span style=\"font-size: 12pt; font-family: 'trebuchet ms', geneva, sans-serif;\"><strong>Grundlegende Richtung:<\/strong><\/span><br \/>\n<span style=\"font-size: 12pt; font-family: 'trebuchet ms', geneva, sans-serif;\">Informationsplattform f\u00fcr die Schule Volksschule Gro\u00df-Enzersdorf<\/span><\/p>\n<p><span style=\"font-size: 12pt; font-family: 'trebuchet ms', geneva, sans-serif;\"><strong>Haftung f\u00fcr Hyperlinks:<\/strong><\/span><br \/>\n<span style=\"font-size: 12pt; font-family: 'trebuchet ms', geneva, sans-serif;\">Selbstverst\u00e4ndlich werden die Websites anderer Anbieter, zu denen Hyperlinks gesetzt werden, gepr\u00fcft. Dennoch gilt f\u00fcr s\u00e4mtliche Links auf dieser Website:<\/span><\/p>\n<p><span style=\"font-size: 12pt; font-family: 'trebuchet ms', geneva, sans-serif;\">Es wird ausdr\u00fccklich betont, dass ich keinerlei Einfluss auf die Gestaltung und die Inhalte der gelinkten Seiten haben. Sollten diese Seiten, ohne meine Kenntnis, ihre Inhalte nach meiner \u00dcberpr\u00fcfung derart \u00e4ndern, dass sie eine &#8222;rechtswidrige T\u00e4tigkeit&#8220; im Sinne von \u00a717 E-Commerce-Gesetz (BGBl. vom 21.12.2001) darstellen, distanziere ich mich hiermit ausdr\u00fccklich von diesen Inhalten. Diese Erkl\u00e4rung gilt f\u00fcr alle auf unserer Website und deren Unterseiten ausgebrachten Links und f\u00fcr alle Inhalte der Seiten, zu denen Links oder Banner f\u00fchren.<\/span><\/p>\n<p><span style=\"font-size: 12pt; font-family: 'trebuchet ms', geneva, sans-serif;\">Anmerkung:\u00a0Das \u00f6sterreichische E-Commerce-Gesetz vom 21.12.2001 schlie\u00dft lt. \u00a717 eine Verantwortung f\u00fcr Fremdlinks so lange aus, so lange der Anbieter keine Kenntnis von einer &#8222;rechtswidrigen T\u00e4tigkeit&#8220; des Fremdanbieters hat. Daher bitte ich Sie, mich \u00fcber allf\u00e4llige &#8222;rechtswidrigen T\u00e4tigkeiten&#8220; auf von mir eingelinkten Sites zu informieren.<\/span><\/p>\n<div><span style=\"font-size: 12pt; font-family: 'trebuchet ms', geneva, sans-serif;\"><strong>Copyright:<\/strong><\/span><\/div>\n<div><span style=\"font-size: 12pt; font-family: 'trebuchet ms', geneva, sans-serif;\">S\u00e4mtliche Grafiken, Fotos, Darstellungen und Texte sind urheberrechtlich gesch\u00fctzt. Eine Vervielf\u00e4ltigung oder Verwendung solcher Grafiken, Dokumente und Texte in anderen elektronischen oder gedruckten Publikationen ist ohne ausdr\u00fcckliche Zustimmung des Eigent\u00fcmers nicht gestattet.\u00a0<\/span><\/div>\n<p>&nbsp;<\/p>\n<p>&nbsp;<\/p>\n<p>&nbsp;<\/p>\n<p>&nbsp;<\/p>\n","protected":false},"excerpt":{"rendered":"<p>Medieninhaber, Herausgeber und Eigent\u00fcmer: Stadtgemeinde\u00a0 Gro\u00df-Enzersdorf\u00a0 Rathausstr. 5\u00a0 2301 Gro\u00df-Enzersdorf SKZ: 308101 F\u00fcr den Inhalt verantwortlich: VD Petra H.-Hegendorfer Ansprechpartnerin:\u00a0 Prof. Isabella Uher, BEd Unternehmensgegenstand: &hellip; <\/p>\n","protected":false},"author":2,"featured_media":0,"parent":0,"menu_order":0,"comment_status":"closed","ping_status":"closed","template":"","meta":{"footnotes":""},"class_list":["post-747","page","type-page","status-publish","hentry"],"_links":{"self":[{"href":"https:\/\/vsgrossenzersdorf.ac.at\/index.php?rest_route=\/wp\/v2\/pages\/747","targetHints":{"allow":["GET"]}}],"collection":[{"href":"https:\/\/vsgrossenzersdorf.ac.at\/index.php?rest_route=\/wp\/v2\/pages"}],"about":[{"href":"https:\/\/vsgrossenzersdorf.ac.at\/index.php?rest_route=\/wp\/v2\/types\/page"}],"author":[{"embeddable":true,"href":"https:\/\/vsgrossenzersdorf.ac.at\/index.php?rest_route=\/wp\/v2\/users\/2"}],"replies":[{"embeddable":true,"href":"https:\/\/vsgrossenzersdorf.ac.at\/index.php?rest_route=%2Fwp%2Fv2%2Fcomments&post=747"}],"version-history":[{"count":8,"href":"https:\/\/vsgrossenzersdorf.ac.at\/index.php?rest_route=\/wp\/v2\/pages\/747\/revisions"}],"predecessor-version":[{"id":1803,"href":"https:\/\/vsgrossenzersdorf.ac.at\/index.php?rest_route=\/wp\/v2\/pages\/747\/revisions\/1803"}],"wp:attachment":[{"href":"https:\/\/vsgrossenzersdorf.ac.at\/index.php?rest_route=%2Fwp%2Fv2%2Fmedia&parent=747"}],"curies":[{"name":"wp","href":"https:\/\/api.w.org\/{rel}","templated":true}]}}